te the remainder when 2390021 is divided by 8.
5
What is the remainder when 10263 is divided by 240?
183
What is the remainder when 2466 is divided by 815?
21
What is the remainder when 1403 is divided by 281?
279
What is the remainder when 8637 is divided by 288?
285
Calculate the remainder when 3761 is divided by 1577.
607
Calculate the remainder when 399005 is divided by 81.
80
What is the remainder when 7029 is divided by 2334?
27
Calculate the remainder when 16910 is divided by 91.
75
What is the remainder when 40751 is divided by 157?
88
What is the remainder when 436145 is divided by 11?
6
What is the remainder when 728 is divided by 6?
2
Calculate the remainder when 56857 is divided by 4061.
3
Calculate the remainder when 1046 is divided by 7.
3
What is the remainder when 5472 is divided by 2726?
20
What is the remainder when 1113 is divided by 520?
73
Calculate the remainder when 45948 is divided by 340.
48
What is the remainder when 31348 is divided by 39?
31
Calculate the remainder when 2117 is divided by 97.
80
What is the remainder when 733 is divided by 152?
125
What is the remainder when 4598 is divided by 65?
48
Calculate the remainder when 275931 is divided by 57.
51
What is the remainder when 3957 is divided by 31?
20
What is the remainder when 531 is divided by 48?
3
Calculate the remainder when 8059 is divided by 91.
51
Calculate the remainder when 744097 is divided by 35.
32
What is the remainder when 44060 is divided by 206?
182
What is the remainder when 16739 is divided by 162?
53
Calculate the remainder when 5101 is divided by 1753.
1595
Calculate the remainder when 1676 is divided by 331.
21
Calculate the remainder when 11151 is divided by 465.
456
Calculate the remainder when 87654 is divided by 985.
974
What is the remainder when 33535 is divided by 610?
595
Calculate the remainder when 82157 is divided by 26.
23
What is the remainder when 8553 is divided by 94?
93
Calculate the remainder when 6829 is divided by 3330.
169
Calculate the remainder when 98354 is divided by 2012.
1778
Calculate the remainder when 148588 is divided by 437.
8
Calculate the remainder when 24841 is divided by 1192.
1001
What is the remainder when 12046 is divided by 524?
518
Calculate the remainder when 279923 is divided by 1497.
1481
Calculate the remainder when 121943 is divided by 1340.
3
What is the remainder when 180666 is divided by 5?
1
What is the remainder when 17311 is divided by 8464?
383
What is the remainder when 20282 is divided by 31?
8
What is the remainder when 3625 is divided by 5?
0
What is the remainder when 3324 is divided by 216?
84
Calculate the remainder when 5548 is divided by 1830.
58
What is the remainder when 77006 is divided by 8?
6
Calculate the remainder when 531569 is divided by 47.
46
Calculate the remainder when 1282 is divided by 225.
157
Calculate the remainder when 27357 is divided by 268.
21
Calculate the remainder when 6690 is divided by 1782.
1344
Calculate the remainder when 1859 is divided by 84.
11
Calculate the remainder when 7435 is divided by 903.
211
What is the remainder when 40811 is divided by 486?
473
Calculate the remainder when 569545 is divided by 9.
7
Calculate the remainder when 34739 is divided by 28.
19
What is the remainder when 15647 is divided by 4918?
893
What is the remainder when 33456 is divided by 113?
8
Calculate the remainder when 1832 is divided by 153.
149
What is the remainder when 14259 is divided by 14246?
13
What is the remainder when 13361 is divided by 535?
521
Calculate the remainder when 133648 is divided by 218.
14
Calculate the remainder when 41999 is divided by 202.
185
What is the remainder when 8130 is divided by 1277?
468
Calculate the remainder when 21028 is divided by 5251.
24
What is the remainder when 4538 is divided by 2059?
420
Calculate the remainder when 344 is divided by 74.
48
What is the remainder when 1545 is divided by 564?
417
What is the remainder when 12013 is divided by 37?
25
Calculate the remainder when 38076 is divided by 16.
12
Calculate the remainder when 427134 is divided by 106782.
6
Calculate the remainder when 5484 is divided by 499.
494
Calculate the remainder when 3399 is divided by 16.
7
Calculate the remainder when 1470 is divided by 332.
142
What is the remainder when 8176 is divided by 1361?
10
What is the remainder when 241 is divided by 200?
41
Calculate the remainder when 1006 is divided by 58.
20
Calculate the remainder when 19785 is divided by 31.
7
What is the remainder when 222745 is divided by 290?
25
What is the remainder when 13928 is divided by 22?
2
What is the remainder when 93018 is divided by 4?
2
Calculate the remainder when 3659218 is divided by 290.
288
What is the remainder when 61796 is divided by 100?
96
What is the remainder when 3061 is divided by 165?
91
Calculate the remainder when 41070 is divided by 99.
84
Calculate the remainder when 35507 is divided by 306.
11
What is the remainder when 89879 is divided by 210?
209
Calculate the remainder when 2742974 is divided by 21.
17
What is the remainder when 45 is divided by 12?
9
Calculate the remainder when 287964 is divided by 16939.
1
Calculate the remainder when 5817 is divided by 34.
3
Calculate the remainder when 1594 is divided by 770.
54
Calculate the remainder when 12418 is divided by 12407.
11
Calculate the remainder when 3010 is divided by 69.
43
Calculate the remainder when 6483 is divided by 6401.
82
What is the remainder when 2961 is divided by 739?
5
What is the remainder when 5990 is divided by 48?
38
What is the remainder when 50584 is divided by 496?
488
Calculate the remainder when 5339 is divided by 5320.
19
Calculate the remainder when 3128 is divided by 1538.
52
Calculate the remainder when 652508 is divided by 3.
2
Calculate the remainder when 35361 is divided by 258.
15
What is the remainder when 5788 is divided by 1205?
968
Calculate the remainder when 411 is divided by 139.
133
Calculate the remainder when 4036 is divided by 3020.
1016
What is the remainder when 469 is divided by 84?
49
Calculate the remainder when 76301 is divided by 9537.
5
What is the remainder when 3501 is divided by 77?
36
What is the remainder when 96569 is divided by 359?
357
What is the remainder when 313628 is divided by 1153?
12
Calculate the remainder when 38958 is divided by 333.
330
What is the remainder when 90362 is divided by 23?
18
Calculate the remainder when 11298 is divided by 3700.
198
Calculate the remainder when 7030 is divided by 68.
26
What is the remainder when 16557573 is divided by 407?
406
Calculate the remainder when 693 is divided by 175.
168
Calculate the remainder when 2868 is divided by 152.
132
What is the remainder when 100317 is divided by 190?
187
Calculate the remainder when 9018 is divided by 16.
10
What is the remainder when 438347 is divided by 55?
52
What is the remainder when 47001 is divided by 16?
9
What is the remainder when 3731 is divided by 249?
245
What is the remainder when 12801 is divided by 739?
238
Calculate the remainder when 3331 is divided by 3300.
31
Calculate the remainder when 157322 is divided by 48.
26
Calculate the remainder when 8485 is divided by 20.
5
Calculate the remainder when 222887 is divided by 62.
59
Calculate the remainder when 11560 is divided by 25.
10
What is the remainder when 1818 is divided by 34?
16
Calculate the remainder when 15005 is divided by 24.
5
Calculate the remainder when 11355 is divided by 48.
27
What is the remainder when 14375 is divided by 79?
76
Calculate the remainder when 87566 is divided by 126.
122
Calculate the remainder when 760 is divided by 238.
46
Calculate the remainder when 8108 is divided by 46.
12
What is the remainder when 16893 is divided by 2810?
33
What is the remainder when 3495 is divided by 120?
15
Calculate the remainder when 142294 is divided by 264.
262
What is the remainder when 1011242 is divided by 26?
24
Calculate the remainder when 76982 is divided by 4274.
50
What is the remainder when 303 is divided by 208?
95
Calculate the remainder when 225568 is divided by 309.
307
What is the remainder when 52624 is divided by 192?
16
Calculate the remainder when 105 is divided by 81.
24
What is the remainder when 6686 is divided by 1216?
606
Wha